011 - -10?
-1010011001001111011001
In base 5, what is 2424433 - 23?
2424410
In base 10, what is -117006 + -64?
-117070
In base 12, what is -12820 - -264?
-12578
In base 7, what is 261 - -2300506?
2301100
In base 8, what is 57315 + 4120?
63435
In base 13, what is 26c8 + -2c51?
-556
In base 14, what is 80b1801 + -2?
80b17dd
In base 13, what is 15ba6c7 + 2?
15ba6c9
In base 4, what is 1011200 - -3223001?
10300201
In base 3, what is -11121122 + -1110002221?
-1121201120
In base 4, what is 333200033 - -20?
333200113
In base 10, what is -49578 - 1086?
-50664
In base 5, what is 2022 - 1202111023?
-1202104001
In base 4, what is -21103 - 2123103?
-2210212
In base 12, what is -11 + -192b4?
-19305
In base 14, what is -a86c6 - -a?
-a86ba
In base 3, what is -110020 - 1110021102?
-1110201122
In base 7, what is -52 + 11636356?
11636304
In base 8, what is -6777 - -5054?
-1723
In base 10, what is 49 - 128317?
-128268
In base 8, what is 6 + 114365667?
114365675
In base 7, what is -20305 - -16240?
-1035
In base 15, what is 11ee0 - -7e?
1206e
In base 10, what is 8702073 - -24?
8702097
In base 6, what is 14 + -225112005?
-225111551
In base 9, what is 141035 + -1766?
138158
In base 7, what is 4 - 454242350?
-454242343
In base 6, what is 4 - 40143531?
-40143523
In base 5, what is -123040323434 + -22?
-123040324011
In base 16, what is 1ff0 + 4115?
6105
In base 11, what is 16 + -1133a6?
-113390
In base 2, what is -11000001010 - -10010100110011?
1111100101001
In base 14, what is -3384610 - 3?
-3384613
In base 9, what is 426 + -76687?
-76261
In base 5, what is 2 - 44023112?
-44023110
In base 13, what is 21bacc7b - 1?
21bacc7a
In base 4, what is -1020223200021 + -11?
-1020223200032
In base 8, what is -512 + -31100?
-31612
In base 9, what is 5227 - -482?
5720
In base 9, what is 3680585 + 10?
3680605
In base 5, what is -31 - -1412311211?
1412311130
In base 4, what is -32021120 - -12120130?
-13300330
In base 13, what is 3180 - 17b?
3002
In base 12, what is 2b8ab - 742?
2b169
In base 3, what is 1101111 + -1122222120?
-1121121002
In base 11, what is 574261 - -62?
574313
In base 13, what is -a - -113857a1?
11385794
In base 16, what is -965d - 2?
-965f
In base 6, what is 2013051230 - -3?
2013051233
In base 9, what is 84842 - 155?
84676
In base 5, what is 31042020241 - -11?
31042020302
In base 3, what is 11 + -22110112001221?
-22110112001210
In base 14, what is -52c - -1b9b?
166d
In base 12, what is 25 + -869006?
-868ba1
In base 8, what is 77 - 1106134?
-1106035
In base 7, what is 10 - 14513311?
-14513301
In base 8, what is -6 + 76145370?
76145362
In base 5, what is 204242410312 - 1?
204242410311
In base 7, what is -344651 - 131?
-345112
In base 15, what is 2c66915 + -e?
2c66906
In base 5, what is 400221233 + 10?
400221243
In base 5, what is -10 + 4044332110?
4044332100
In base 12, what is -23 - -b41?
b1a
In base 5, what is -1 + -33000244131?
-33000244132
In base 4, what is -103112 + -2011300?
-2121012
In base 7, what is -2632525 - -34?
-2632461
In base 8, what is -3 + 51114572?
51114567
In base 6, what is 5 - 552540240?
-552540231
In base 2, what is 111110010100001111101101010 - 100?
111110010100001111101100110
In base 3, what is 1102011 + -1002212?
22022
In base 14, what is 2b8ca04b - -3?
2b8ca050
In base 11, what is -1a1265 + 155?
-1a1110
In base 14, what is -66a + -bda4?
-c630
In base 11, what is -9 + 260491?
260483
In base 14, what is 0 + -9c6883?
-9c6883
In base 16, what is -10512 + -16a?
-1067c
In base 12, what is 792 + 653a?
7110
In base 14, what is 319c32 + 7?
319c39
In base 16, what is b0885 + -15?
b0870
In base 4, what is 11 + 3013103011320?
3013103011331
In base 16, what is -33f000 + 26?
-33efda
In base 10, what is -366 + -9687?
-10053
In base 16, what is -1cd5c - -65b?
-1c701
In base 11, what is 619533a + -10?
619532a
In base 15, what is dae7 - 8a?
da5c
In base 6, what is 122 - -1323454?
1324020
In base 14, what is 44691 + 131?
447c2
In base 15, what is -5 + 1125e54a?
1125e545
In base 14, what is -1d + 5191d6?
5191b7
In base 14, what is -3 - 9b28b6?
-9b28b9
In base 4, what is 121130 + -1033212032?
-1033030302
In base 10, what is 0 - -20559143?
20559143
In base 2, what is -101111110011 + 11001011010?
-10110011001
In base 5, what is 131300 + 20431?
202231
In base 9, what is 61 - -617066?
617137
In base 6, what is 110333203 - -5?
110333212
In base 5, what is -24212 + 2443133?
2413421
In base 14, what is d + -b43397?
-b43388
In base 10, what is 5 + 245024993?
245024998
In base 16, what is 22929f + 0?
22929f
In base 5, what is 1103313 - 334?
1102424
In base 7, what is -100 + -2444410?
-2444510
In base 13, what is -b + abb73?
abb65
In base 7, what is -3030611616 + 0?
-3030611616
In base 8, what is -1606121 - 212?
-1606333
In base 16, what is 2 - eaaf37?
-eaaf35
In base 3, what is 220101012021211121 - 1?
220101012021211120
In base 12, what is 735b2 - -85?
73677
In base 2, what is 11001010000011000111 - -100000111?
11001010000111001110
In base 13, what is -2 - 2075c401?
-2075c403
In base 11, what is a7017883 - 4?
a701787a
In base 10, what is -1285 - 107960?
-109245
In base 14, what is -1b - -4bdcc?
4bdb1
In base 4, what is 1222 + 12102113?
12110001
In base 11, what is 32 - -210aa?
21131
In base 14, what is -40023 + 212?
-3dc11
In base 8, what is 163712215 + -3?
163712212
In base 10, what is -5 - 518401?
-518406
In base 14, what is -5 + 45ac?
45a7
In base 2, what is -101000 + -11110000011010001?
-11110000011111001
In base 6, what is -2303445 - -101?
-2303344
In base 5, what is 1 + -122303301141?
-122303301140
In base 4, what is 1030122001100 + -233?
1030122000201
In base 6, what is 31454032 + 303?
31454335
In base 15, what is 3 - 207c625?
-207c622
In base 2, what is -10010111011011111 - -10100001010110?
-10000011010001001
In base 5, what is 4 + 23412111313?
23412111322
In base 8, what is 10 + 60054547?
60054557
In base 6, what is 344 - 2012331?
-2011543
In base 8, what is -1446340 + 74?
-1446244
In base 10, what is -543160 + 634?
-542526
In base 3, what is -10 + -10100102222120102?
-10100102222120112
In base 5, what is -23221322 - 101331?
-23323203
In base 8, what is 213 + -467154?
-466741
In base 2, what is -10010 + -1010010100010000?
-1010010100100010
In base 2, what is -10111101 - 100110000110101?
-100110011110010
In base 14, what is -bb6458c + 1?
-bb6458b
In base 7, what is 651433 + -344?
651056
In base 16, what is 854c - -13?
855f
In base 16, what is -2 + 2704a7b?
2704a79
In base 12, what is -a0530 + 8?
-a0524
In base 6, what is -125 - 241353315?
-241353444
In base 5, what is 30440 - -1031314?
1112304
In base 16, what is -1e373 - c?
-1e37f
In base 16, what is 3a7832 - -16?
3a7848
In base 10, what is -563835 - -6?
-563829
In base 10, what is 2004 - -277?
2281
In base 15, what is 44cc - -1c6?
46a3
In base 9, what is 0 + 104767112?
104767112
In base 11, what is 218a2986 - -2?
218a2988
In base 8, what is -2161742 + -175?
-2162137
In base 14, what is -189 - 824d?
-83d8
In base 11, what is 51113 + -36?
51088
In base 16, what is 8 - dfcf?
-dfc7
In base 10, what is -156 - -959520?
959364
In base 8, what is -13716345 - 155?
-13716522
In base 6, what is 22035455214 - 4?
22035455210
In base 13, what is -aab2b - -2ab?
-aa850
In base 15, what is -5d1ed6 - -1?
-5d1ed5
In base 9, what is -873 - 835042?
-836025
In base 15, what is 34ea0 - -131b?
362bb
In base 16, what is -b9e72f - -3?
-b9e72c
In base 3, what is 2000201010221 - -1001?
2000201011222
In base 16, what is 541 + -590a?
-53c9
In base 6, what is -1000324 + 1235?
-555045
In base 12, what is 4b3904202 + 5?
4b3904207
In base 13, what is -ac214 - a9?
-ac2c0
In base 9, what is -10401 + 14282?
3781
In base 10, what is 2 + -1432496?
-1432494
In base 12, what is -4 - b4309?
-b4311
In base 4, what is -11 - -22200231001?
22200230330
In base 9, what is 64542653 - -21?
64542674
In base 14, what is -37d - -8703?
8364
In base 10, what is -73937743 - 0?
-73937743
In base 7, what is -44 + -26002?
-26046
In base 4, what is 221 + -110031233?
-110031012
In base 11, what is 20851930 - 3?
20851928
In base 3, what is -2110010222 - 10210?
-2110021202
In base 8, what is 10461 - -1544?
12225
In base 10, what is 78466 + 173?
78639
In base 9, what is 53832 - 2276?
51545
In base 15, what is 104 - -115cb?
116d0
In base 16, what is 15 - -5290a7?
5290bc
